 -4 - -5. Let v be r/(-4) - 10/(-8). Suppose -1 = -i + v. Let h(j) = 2*j**3 - 3*j**2 + 2*j - 3. Give h(i).
5
Suppose 0*y - 15 = -w - 5*y, 0 = -w - 3*y + 7. Let a = w + 2. Let r(b) = 8*b**2 + 5*b + 2. Let i(q) = 7*q**2 + 5*q + 2. Let h(n) = 7*i(n) - 6*r(n). Give h(a).
-4
Let h(s) = s**3 + s**2 + s - 4. Let m be (9/(-3))/(6/(-10)). Let g = -7 + 11. Suppose -q + g*y = 4*q - 12, y + 3 = m*q. Determine h(q).
-4
Let c(r) be the third derivative of -5*r**4/12 + r**3/6 - 19*r**2. Determine c(2).
-19
Let m(f) be the third derivative of f**6/120 + f**5/15 + f**4/8 + f**3/3 + 19*f**2. Suppose 0 = 3*p + 4*w + 22, 3*p - 4 - 6 = 4*w. Determine m(p).
4
Let s(f) = 2*f**2 - 2*f + 1. Let k be 10/3*6/4. Suppose 0 = 5*c - k. What is s(c)?
1
Suppose 5*j = -0*j + 10. Let l(o) be the first derivative of -2*o**2 + 3*o - 12. Give l(j).
-5
Suppose 0 = x - 4 + 1. Let z be (2 - -1)/x + 2. Let l(v) = 2*v. Calculate l(z).
6
Let k(c) = -c**3 - 9*c**2 + 2. Let f be k(-9). Let y(o) be the first derivative of -1 + 0*o + 1/2*o**f. Give y(2).
2
Let s(c) = 6*c - 8*c + 12*c - 10 - c**2. Give s(7).
11
Let l(z) = 4*z**2 + 0*z**2 + 6*z**3 - 1 - 2*z**2. Give l(1).
7
Let t(a) = -a**3 + a**2 - a. Let j(c) = 0*c**3 + 2*c**3 + 3*c + 4*c**2 + 0 - 2. Let b(u) = -j(u) - t(u). Determine b(-4).
-6
Let c(a) = -7*a - 13. Let p(j) = -6*j - 12. Let n(i) = -5*c(i) + 6*p(i). Let o = 3 - 2. Let w be o/(1*1/(-3)). Determine n(w).
-4
Let b(p) be the third derivative of -4*p**2 + 1/40*p**6 + 0*p**5 + 0*p + 1/6*p**3 + 0*p**4 + 0. What is b(-1)?
-2
Let s(z) be the first derivative of 2*z**2 + 2*z - 9. What is s(-3)?
-10
Let a(t) = -t**3 + 3*t**2 - t + 1. Let n be a(2). Let f(q) be the second derivative of q**4/12 - q**3/6 - q**2/2 + 2*q. Determine f(n).
5
Suppose 3*j + 8 - 14 = 0. Let d(g) = -5*g + 3. What is d(j)?
-7
Suppose 3*s - 5 = -r - r, -4 = -s - 3*r. Let o(a) be the third derivative of a**6/30 + a**5/60 - a**4/12 + a**3/6 - a**2. Determine o(s).
4
Let l(c) be the second derivative of c**4/12 - c**3/2 + c**2/2 + c. Let g(n) = 3*n**3 - n**2 + n. Let t be g(1). Let s be 2*1/(t/3). Calculate l(s).
-1
Let y(r) = -r**3 + r**2 + 3*r - 2. Suppose -m - 9 = -11. Calculate y(m).
0
Let l(n) be the first derivative of -10*n**3/3 + n**2/2 - n + 53. What is l(1)?
-10
Suppose -8*b + 16 = 4*m - 6*b, -4*b + 12 = -2*m. Let d(p) be the second derivative of -1/6*p**3 - 2*p + 1/2*p**m + 0. Determine d(-5).
6
Let v(s) = -2*s + 5. Let c(r) = r - 1. Let z(j) = 2*j + 2. Let u(b) = 3*c(b) - z(b). Suppose 5*p - 30 = 2*p. Let w be u(p). Give v(w).
-5
Let m(h) = h**3 + 1 + h + 0 + h + 2*h**2. Let c(z) = -2*z**3 - 3*z**2 - 3*z - 1. Let u be -5 - (0 + 3)/(-1). Let t(a) = u*c(a) - 5*m(a). Determine t(-2).
-3
Let v = -9 - -14. Let j(a) = 5 - v - 2*a - a - 1. Calculate j(2).
-7
Let d(s) = 5*s. Let y(m) = 2*m**2 + 28*m - 1. Let p(j) = 3*j**2 + 55*j - 2. Let b(t) = 3*p(t) - 5*y(t). Let g(c) = -2*b(c) + 11*d(c). Calculate g(-3).
5
Let j(u) = u**2 - u - 1. Let t(h) = 6*h**2 + 4*h + 5. Let f(v) = -5*j(v) + t(v). Suppose 11 - 39 = 4*a. Give f(a).
-4
Suppose -3*u = -5*u. Let p(q) = -5 - q**2 + 3*q + 4*q + u. Suppose 3*c - 15 = -0*c. Calculate p(c).
5
Suppose 0 = -v + 3*v. Let t(z) = z - 4. Give t(v).
-4
Let n(i) = 2*i**2 + 6. Let w(j) be the first derivative of -j**3 - j**2/2 - 7*j - 2. Let o be (-6)/12 + 18/4. Let d(v) = o*n(v) + 3*w(v). Calculate d(-4).
-1
Let q(x) = x**2 + 9*x - 23. Let j be q(-11). Let v(d) = 4*d**3 - d - 1. Determine v(j).
-4
Let o(w) = w**2 - 7*w - 9. Let x(f) = f**3 + f**2 - 4*f + 4. Let u be x(2). What is o(u)?
-1
Let p(d) = d**2 + 5*d - 2. Let q(v) = 2*v**2 + 10*v - 4. Let k(f) = 11*p(f) - 6*q(f). Calculate k(-6).
-4
Let a(n) be the second derivative of -n**3 - n**2/2 - 2*n. Let j be (-6)/(-27) + 42/54. Give a(j).
-7
Let s = -2 - 0. Let w(u) = u + 3. Let n(v) = -v**2 - v - 4. Let l(o) = -2*n(o) - 3*w(o). Determine l(s).
9
Let g(a) be the third derivative of a**4/24 - 11*a**3/3 + 4*a**2 + 7*a. Determine g(0).
-22
Let r(j) = 2*j**2 + j. Let q be r(-2). Let t(i) be the first derivative of i**4/4 - 2*i**3 + 6*i - 3. Calculate t(q).
6
Let r(j) = 13*j**2 + 5*j + 9. Let b(w) = -3*w**2 - w - 2. Let t(q) = -9*b(q) - 2*r(q). Give t(1).
0
Let j(l) = -7*l + 2*l + 2*l**2 - 5*l**2 + l**3. Give j(4).
-4
Let q(o) be the second derivative of o**4/12 + 7*o**3/6 - o**2 - 14*o. Give q(-5).
-12
Let v(q) be the first derivative of q**4/4 - 4*q**3/3 - 5*q**2/2 - 2*q - 33. Give v(5).
-2
Let c(x) be the third derivative of x**6/120 + x**5/10 + x**4/4 - x**3/6 + 12*x**2. Let f be 0 + (-2 - -1) + -4. Give c(f).
-6
Let d be 2/5*(0/5 + 5). Let o(z) = 2*z**3 - 3*z**2 - z + 2. Calculate o(d).
4
Suppose -4*z + 0*z = -56. Let n = 14 - z. Let c(o) = o**2 + o + 5. What is c(n)?
5
Let u(g) = g**3 + 6*g**2 + 7*g + 5. Let m be u(-5). Let k(x) = -4*x + 4*x + x + 5. Determine k(m).
0
Let q(o) = -7*o - 1. Let u(g) = -1. Let l(f) = q(f) + 3*u(f). Determine l(-3).
17
Let u(i) = 4 + 2 - 8*i - 5*i + i**3 + 12*i**2. Give u(-13).
6
Let h be 7 + -5 + (1 - 5). Let y(m) be the third derivative of m**5/60 + m**4/6 + m**3/3 - 2*m**2. What is y(h)?
-2
Let k(d) be the first derivative of -2*d**3 - 1 + 7/2*d**2 - 5*d - 1/4*d**4. Let l be k(-7). Let o(t) = t + 3. Calculate o(l).
-2
Suppose 5*w + 2 = 2*g, g + 4*g + 4*w = 5. Let a(t) = 2*t**2 - 1. Calculate a(g).
1
Let s(c) be the first derivative of c**3/3 - 3*c**2 + 7*c + 3. Calculate s(5).
2
Let v(t) = -t**3 + 3*t**2 - 2*t + 2. Suppose 6 = -2*y - 4. Let u(x) = -3*x + 5. Let o be u(y). Let h be (-8)/o - (-17)/5. What is v(h)?
-4
Let l(m) = 3 + 3 - 2*m - 4. What is l(5)?
-8
Let t(w) = w**3 - w**2 + 5. Let q(n) = -n**2 - 6*n + 9. Let k be q(-7). Suppose m - 1 = -2*i, 3*i + k*m = -0 + 2. Suppose i = c - 0*c. What is t(c)?
5
Let z(y) be the second derivative of 0 - 1/4*y**4 - 4*y + 5/6*y**3 - 5/2*y**2. Let u(q) = 4*q**2 - 5*q + 5. Let j(o) = -2*u(o) - 3*z(o). Determine j(5).
5
Let f = 83 + -88. Let g(c) = -4*c - 6. Determine g(f).
14
Let j(n) = -8 + n**2 + 5*n + 13 + 0 - 12*n. Calculate j(5).
-5
Let g(u) = -u - 1. Suppose 26 + 18 = 11*h. What is g(h)?
-5
Suppose 60*t = 56*t - 24. Let l(s) = s**3 + 6*s**2 + 6. Give l(t).
6
Let s(n) = -10*n - 16 + 4*n + 4*n. Let p be s(-6). Let h(i) = -i - 3. Give h(p).
1
Let i(d) = 2*d + 1. Suppose -5*c - 3*b + 17 = -5, 2*b - 2 = 3*c. Calculate i(c).
5
Suppose 1 - 9 = -4*g. Let q(v) = 0*v**2 - 2*v**2 + v**g. Suppose d - 3 = -5. Give q(d).
-4
Let f(k) be the first derivative of -3/2*k**2 + k**3 - 3*k - 3 + 1/4*k**4. Determine f(-2).
7
Let g(s) = -5*s**2 + 9. Let y(m) = -6*m**2 + 10. Let j(a) = 5*g(a) - 4*y(a). Give j(0).
5
Let c(n) = -n**3 - n**2 + n + 2. Let g = 1 - 4. Let j = g - -5. Suppose -4 = -b - 2*d, 3*d = -5*b + j - 3. What is c(b)?
4
Let x(r) = -r**2 + r - 1. Let w(t) = -6*t**2 + 4*t - 2. Let j(c) = -w(c) + 3*x(c). Calculate j(-1).
3
Let t(x) = 2*x**2 + x - 2. Let z(q) = 5*q**2 + q + 1. Let k be z(-1). Suppose 0 = k*r - d + 14, 14 = -r + 2*r + 4*d. What is t(r)?
4
Suppose 5*k + 5*k - 80 = 0. Let u(b) = b**3 - 9*b**2 + 9*b + 2. Determine u(k).
10
Let n(d) be the third derivative of -d**6/120 - d**5/15 - d**4/8 + d**3/2 - 15*d**2. What is n(-3)?
3
Suppose 0 = -5*i + 21 + 9. Suppose -i*n - 2*w = -n - 4, 0 = -n + 4*w - 8. Let u(a) = -a**2 + a + 4. What is u(n)?
4
Suppose -4 = 2*a - 4*k, 4*a + k = 2*k - 29. Let d(n) = n**2 + 8*n - 1. Determine d(a).
-1
Let o(z) = -7*z**3 - 9*z**2 + 2*z + 8. Let s(v) = -3*v**3 - 4*v**2 + v + 4. Let d(b) = -4*o(b) + 9*s(b). Give d(0).
4
Let f be 0/(-1) - (4 - -1). Let n(y) = 2*y + 6. What is n(f)?
-4
Let x(j) = -j - 1. Let h be x(3). Let p(v) = -v**2 - 5*v - 1. Give p(h).
3
Let p(s) be the second derivative of -s**2 + 2*s + 5/6*s**3 + 0 + 1/24*s**4. Let c(v) be the first derivative of p(v). Determine c(-4).
1
Let k(h) = h**2 + 5*h - 7. Let w be -10 - (-1 + (1 - 4)). Calculate k(w).
-1
Suppose -2*q + 4*i - 12 = 0, 6*q = 5*q + 5*i - 18. Let t(k) = 2*k**3 - k**2 - 2*k. Calculate t(q).
8
Let v(a) = 4*a + 0 - 8*a - 1 + 0. Suppose -5*q + 0*q = -20. Suppose 2*r = -5*s - 19, 0 = 4*s + 8 + q. Determine v(r).
7
Let r = 2 - -4. Let s(m) = -2*m + 6*m - r*m**2 - 5 + 5*m + m**3 - 2*m. Calculate s(5).
5
Suppose 0 = 2*v - y + 2 - 4, 0 = -5*v - 2*y + 23. Let d(m) = 2*m + 5*m**2 + 3 - v*m**2 - 4*m. Suppose 0 = -5*q - u + 10 + 2, 2*u - 12 = -4*q. Calculate d(q).
7
Let